{"id":1290,"date":"2014-12-01T09:04:00","date_gmt":"2014-12-01T14:04:00","guid":{"rendered":"https:\/\/tangueria.org\/?page_id=1290"},"modified":"2023-10-02T17:28:10","modified_gmt":"2023-10-02T17:28:10","slug":"les-enseignants","status":"publish","type":"page","link":"https:\/\/tangueria.org\/?page_id=1290","title":{"rendered":"Les professeurs"},"content":{"rendered":"<div class=\"\" style=\"text-align: center;\"><strong>\u00a0Laura Eva Steinmander<\/strong><\/div>\n<div style=\"text-align: center;\">Sur Facebook <strong><a class=\"oajrlxb2 g5ia77u1 qu0x051f esr5mh6w e9989ue4 r7d6kgcz rq0escxv nhd2j8a9 nc684nl6 p7hjln8o kvgmc6g5 cxmmr5t8 oygrvhab hcukyx3x jb3vyjys rz4wbd8a qt6c0cv9 a8nywdso i1ao9s8h esuyzwwr f1sip0of lzcic4wl gpro0wi8 q66pz984 b1v8xokw\" tabindex=\"0\" role=\"link\" href=\"https:\/\/www.facebook.com\/lauraeva.steinmander?__cft__[0]=AZWRpbbM8QUUVJHRkCWbTDuGT5mjhFF4QyPlqrwOwuaSJdC90kPwF3DmCLx5e2iv7m6CdrIYUk19CPw_yeXYKC8fzp_f7-rlBExh_6zKRI2kT8DdixeHcoiFk1rKV6Lpnk6F72i_YGkx5O9dpmO15SvXIFgLY9ksEzFoQYHxVIIy3g&amp;__tn__=-]K-R\"><span class=\"nc684nl6\">Laura Eva Steinmander<\/span><\/a><\/strong><\/div>\n<div title=\"Page 1\">\n<div title=\"Page 1\">\n<p style=\"text-align: center;\">Arriv\u00e9e \u00e0 Montr\u00e9al en 1993, directement du mythique quartier de La Boca de Buenos Aires, capitale de l\u2019Argentine et berceau du tango argentin, Laura Eva Steinmander a apport\u00e9 avec elle un bagage d\u2019une solide formation et de plus de dix ans d\u2019exp\u00e9rience comme professeur d\u2019eurythmie et d\u2019expression corporelle aupr\u00e8s de personnes de tous \u00e2ges.<\/p>\n<p style=\"text-align: center;\">C\u2019est \u00e0 Montr\u00e9al, \u00e0 l\u2019\u00c9cole de tango argentin Tangueria, aux c\u00f4t\u00e9s de Paul Montpetit et du Collectif des professeurs de tango, qu\u2019elle a d\u00e9velopp\u00e9 son expertise en enseignement du tango, notamment en invitant les plus grands ma\u00eetres et les meilleurs danseurs argentins et en multipliant ses voyages \u00e0 Buenos Aires pour se perfectionner et \u00e9largir son r\u00e9seau de collaborateurs.<\/p>\n<p style=\"text-align: center;\">Au cours de ses vingt ann\u00e9es et plus d\u2019exp\u00e9rience en enseignement du tango argentin, Laura a mis au point une m\u00e9thodologies efficace afin d\u2019en optimiser l\u2019apprentissage. Pour son expertise, son approche, son engagement, sa d\u00e9termination, sa patience et son d\u00e9vouement, elle a \u00e9t\u00e9 invit\u00e9e \u00e0 partager sa passion et son amour pour le tango en animant des ateliers de formation en tango \u00e0 travers le Qu\u00e9bec et dans l\u2019Ouest canadien, dans plusieurs \u00e9tats des \u00c9tat-Unis ainsi qu\u2019en Europe. Elle a \u00e9galement \u00e9t\u00e9 invit\u00e9e \u00e0 concevoir et \u00e0 mettre sur pied un programme d\u2019activit\u00e9s dans le cadre d\u2019une recherche scientifique sur les effets b\u00e9n\u00e9fiques du tango argentin sur l\u2019\u00e9quilibre des personnes \u00e2g\u00e9es. Par la suite, d\u2019autres recherches scientifiques internationales ont \u00e9tabli que la pratique du tango argentin pouvait contribuer \u00e0 la pr\u00e9vention de maladies telles que le Parkinson, l\u2019Alzheimer et la d\u00e9pression.<\/p>\n<p style=\"text-align: center;\">Laura a particip\u00e9, comme danseuse et figurante, \u00e0 la r\u00e9alisation de plusieurs films, vid\u00e9os, \u00e9missions de t\u00e9l\u00e9vision et publicit\u00e9s. Elle est r\u00e9guli\u00e8rement sollicit\u00e9e par les musiciens de tango de Montr\u00e9al pour se produire avec eux sur les diverses sc\u00e8nes de centres culturels ou de salles de concert, lors d\u2019\u00e9v\u00e9nements publics et priv\u00e9s.<\/p>\n<p style=\"text-align: center;\">En pleine maturit\u00e9 professionnelle, Laura Eva Steinmander co-dirige avec Paul Montpetit la Tangueria de Montr\u00e9al, v\u00e9ritable moteur culturel en perp\u00e9tuelle effervescence pour les artistes locaux et internationaux, tout en y donnant des cours, se disant combl\u00e9e et privil\u00e9gi\u00e9e de pouvoir exercer un m\u00e9tier qu\u2019elle aime tant et qui la passionne autant.<\/p>\n<p style=\"text-align: center;\"><strong>Paul Montpetit<br \/>\n<\/strong>Sur Facebook <strong> <a class=\"oajrlxb2 g5ia77u1 qu0x051f esr5mh6w e9989ue4 r7d6kgcz rq0escxv nhd2j8a9 nc684nl6 p7hjln8o kvgmc6g5 cxmmr5t8 oygrvhab hcukyx3x jb3vyjys rz4wbd8a qt6c0cv9 a8nywdso i1ao9s8h esuyzwwr f1sip0of lzcic4wl gpro0wi8 q66pz984 b1v8xokw\" tabindex=\"0\" role=\"link\" href=\"https:\/\/www.facebook.com\/paul.montpetit.338?__cft__[0]=AZWRpbbM8QUUVJHRkCWbTDuGT5mjhFF4QyPlqrwOwuaSJdC90kPwF3DmCLx5e2iv7m6CdrIYUk19CPw_yeXYKC8fzp_f7-rlBExh_6zKRI2kT8DdixeHcoiFk1rKV6Lpnk6F72i_YGkx5O9dpmO15SvXIFgLY9ksEzFoQYHxVIIy3g&amp;__tn__=-]K-R\"><span class=\"nc684nl6\">Paul Montpetit<\/span><\/a><\/strong><\/p>\n<p style=\"text-align: center;\">Depuis 1990, le tango loge au coeur de la vie de Paul Montpetit. Danseur, p\u00e9dagogue et communicateur, il co-dirige avec Laura Eva Steinmander la Tangueria, l\u2019\u00e9cole pionni\u00e8re du tango argentin en Am\u00e9rique du Nord, o\u00f9 il enseigne le tango, organise et coordonne des \u00e9v\u00e9nements culturels li\u00e9s \u00e0 cet art.<\/p>\n<p style=\"text-align: center;\">D\u00e8s 1994, Paul a effectu\u00e9 de nombreux voyages \u00e0 Buenos Aires, \u00e0 New York et \u00e0 Amsterdam, pour perfectionner sa danse, en suivant des cours avec certains des plus grands milongueros, tels que Pepito Avellaneda de Buenos Aires, Wouter Brave d\u2019Amsterdam et Daniel Trenner de New York. \u00c0 Montr\u00e9al, il a organis\u00e9 plusieurs \u00e9v\u00e9nements dont Les Journ\u00e9es de tango contre le racisme, de 2001 \u00e0 2003, ainsi que la venue de musiciens et de danseurs argentins et uruguayens, notamment Pepito Avellaneda, Julio Mendez, Lhasa de Sela, Raul Jaurena du New York Buenos Aires Connection et le Trio Pantango, pour des ateliers et autres \u00e9v\u00e9nements de diffusion de la culture du tango.<\/p>\n<p style=\"text-align: center;\">Paul s\u2019est \u00e9galement sp\u00e9cialis\u00e9 dans l\u2019enseignement du tango aupr\u00e8s de personnes atteintes de maladies d\u00e9g\u00e9n\u00e9ratives comme le Parkinson et l\u2019Alzheimer. Poursuivant le mandat de l\u2019\u00c9cole de de tango argentin Tangueria de faire conna\u00eetre et appr\u00e9cier le tango, en 2013, il a \u00e9tendu les activit\u00e9s de la Tangueria de Montr\u00e9al \u00e0 la r\u00e9gion des Hautes-Laurentides et des Laurentides, de Mont-Laurier \u00e0 Val-David, o\u00f9 il dispense aussi des cours.<\/p>\n<p style=\"text-align: center;\">Paul Montpetit a particip\u00e9 \u00e0 de nombreux spectacles de tango, dans des salles de petite autant que de grande envergure, dans le cadre d\u2019\u00e9v\u00e9nements de toutes sortes, \u00e0 Montr\u00e9al et dans de nombreuses villes du Qu\u00e9bec. Outre sa passion pour la danse, il est connaisseur en mati\u00e8re de musique, particuli\u00e8rement en musique de tango, et est reconnu comme \u00e9tant l\u2019un des meilleurs disc jockeys de tango \u00e0 Montr\u00e9al.<\/p>\n<p style=\"text-align: center;\">La mission de Laura Eva Steinmander et de Paul Montpetit: Transmettre leur connaissance et leur amour du tango !<\/p>\n<\/div>\n<div title=\"Page 1\">\n<p style=\"text-align: center;\"><strong>The teachers<\/strong><\/p>\n<\/div>\n<\/div>\n<p class=\"p1\"><b>Mission Statement<\/b><\/p>\n<p class=\"p2\">To share<span class=\"Apple-converted-space\">\u00a0 <\/span>appreciation and passion for Argentinian tango.<\/p>\n<p class=\"p1\"><b>History<\/b><\/p>\n<p class=\"p2\">La Tangueria<span class=\"Apple-converted-space\">\u00a0 <\/span>was<span class=\"Apple-converted-space\">\u00a0 <\/span>founded in 1991<span class=\"Apple-converted-space\">\u00a0 <\/span>with the opening of a tango studio on Saint-Laurent Boulevard in Montreal, renamed<span class=\"Apple-converted-space\">\u00a0 <\/span>in 1993 Studio La Tangueria.<\/p>\n<p class=\"p2\">Studio La Tangueria immediately<span class=\"Apple-converted-space\">\u00a0 <\/span>became<span class=\"Apple-converted-space\">\u00a0 <\/span>a \u201cgo to milieu\u201d<span class=\"Apple-converted-space\">\u00a0 <\/span>for tango in Montreal.<\/p>\n<p class=\"p2\">Over the years La Tangueria, has built a solid reputation, not only as a dance studio, but also as an entertainment venue, inviting from time to time, guest Tango Masters from Buenos Aires,<span class=\"Apple-converted-space\">\u00a0 \u00a0<\/span><\/p>\n<p class=\"p3\">La Tangueria, one of the oldest tango schools in North America, having <span class=\"Apple-converted-space\">\u00a0 \u00a0 <\/span>introduced thousands<span class=\"Apple-converted-space\">\u00a0 <\/span>to Argentinian tango, remains today<span class=\"Apple-converted-space\">\u00a0 <\/span>a vibrant<span class=\"Apple-converted-space\">\u00a0 <\/span>spot in<span class=\"Apple-converted-space\">\u00a0 <\/span>Montreal\u2019s<span class=\"Apple-converted-space\">\u00a0 <\/span>tango scene.<\/p>\n<p class=\"p3\">Furthermore, La Tangueria is proud to engage in social causes and<span class=\"Apple-converted-space\">\u00a0 <\/span>community events<span class=\"Apple-converted-space\">\u00a0 \u00a0<\/span><\/p>\n<p class=\"p5\">Research.<\/p>\n<p class=\"p7\">Laura Eva Steinmander was honoured<span class=\"Apple-converted-space\">\u00a0 <\/span>with an invitation to design a<span class=\"Apple-converted-space\">\u00a0 <\/span>research project on the beneficial effects of Argentinian tango on the equilibrium of the aging person.<\/p>\n<p class=\"p7\">Following this research, as well as <span class=\"Apple-converted-space\">\u00a0 <\/span>other<span class=\"Apple-converted-space\">\u00a0 <\/span>studies,<span class=\"Apple-converted-space\">\u00a0 <\/span>researchers<span class=\"Apple-converted-space\">\u00a0 <\/span>confirmed that the practice of Argentinian tango could help reduce the symptoms of <span class=\"Apple-converted-space\">\u00a0 <\/span>Parkinson, Alzheimer, dementia<span class=\"Apple-converted-space\">\u00a0 <\/span>and depression.<\/p>\n<p class=\"p1\"><b>The teachers<\/b><\/p>\n<p class=\"p1\"><b>Laura Eva Steinmander<\/b><\/p>\n<p class=\"p2\">Laura Eva Steinmander, arrived Montreal in 1993, <span class=\"Apple-converted-space\">\u00a0 <\/span>in<span class=\"Apple-converted-space\">\u00a0 <\/span>her heart,<span class=\"Apple-converted-space\">\u00a0 <\/span>she brought the passion for the music of her homeland, Argentina:<span class=\"Apple-converted-space\">\u00a0 <\/span>The<span class=\"Apple-converted-space\">\u00a0 <\/span>Tango.<\/p>\n<p class=\"p2\">Using her background in training and extensive experience as a teacher in eurythmics and body expression, Laura partnered with Paul Montpetit<span class=\"Apple-converted-space\">\u00a0 <\/span>to open La Tangueria School of Argentinian Tango.<\/p>\n<p class=\"p2\">Knowledge of Laura\u2019s teaching expertise<span class=\"Apple-converted-space\">\u00a0 <\/span>was soon discovered by the rest of Quebec, as well as Western Canada, The United States and Europe.<\/p>\n<p class=\"p2\">As a dancer or an extra, Laura has appeared in many films, videos, TV shows and publicity ads. Time and again, she is regularly asked to perform with the musicians of the Montreal tango community in various venues, for public as well as private events.<\/p>\n<p class=\"p2\"><b>Paul Montpetit\u00a0<\/b><\/p>\n<p class=\"p2\">Paul is an artist. As a career he pursued design and photography; as a hobby he indulged in music and tango.<\/p>\n<p class=\"p2\">Tango has been at the centre of Paul Montpetit\u2019s life since 1990.<span class=\"Apple-converted-space\">\u00a0 <\/span>Paul\u2019s passion for the Tango, took him to New York, Amsterdam, and of course<span class=\"Apple-converted-space\">\u00a0 <\/span>the heart of the Tango, Buenos Aires, to refine his dancing skills with the Masters.<\/p>\n<p class=\"p2\">Co-manager of La Tangueria, with Laura Eva Steinmander pioneer of Argentinian tango<span class=\"Apple-converted-space\">\u00a0 <\/span>in North America, Paul Montpetit became a recognizable name as an accomplished<span class=\"Apple-converted-space\">\u00a0 <\/span>tango<span class=\"Apple-converted-space\">\u00a0 <\/span>dancer and expert teacher.<\/p>\n<p class=\"p2\">Paul specializes in teaching the tango to people suffering from degenerative diseases such as Parkinson<span class=\"Apple-converted-space\">\u00a0 <\/span>and Alzheimer and still finds time to volunteer, In spite of his busy schedule.<\/p>\n<p class=\"p2\">Pursuing La Tangueria School of Argentinian Tango\u2019s mandate to make tango widely known and appreciated<span class=\"Apple-converted-space\">\u00a0 <\/span>in 2013, Paul expanded Montreal\u2019s Tangueria\u2019s<span class=\"Apple-converted-space\">\u00a0 <\/span>mission<span class=\"Apple-converted-space\">\u00a0 <\/span>to the Higher Laurentians and Laurentians regions, from Mont-Laurier to Val- David.<\/p>\n<p class=\"p2\">Paul has been invited to<span class=\"Apple-converted-space\">\u00a0 <\/span>participate<span class=\"Apple-converted-space\">\u00a0 <\/span>in several<span class=\"Apple-converted-space\">\u00a0 <\/span>tango shows, in venues large and<span class=\"Apple-converted-space\">\u00a0 <\/span>small, for public or private functions. Apart from his passion for dancing, Paul is a music connoisseur, particularly tango music, and is well accepted one of the best tango disc jockeys in Montreal.<\/p>\n","protected":false},"excerpt":{"rendered":"<p>\u00a0Laura Eva Steinmander Sur Facebook Laura Eva Steinmander Arriv\u00e9e \u00e0<span class=\"more-dots\"><a href=\"https:\/\/tangueria.org\/?page_id=1290\">[ &#8230; ]<\/span><\/a><\/p>\n","protected":false},"author":1,"featured_media":0,"parent":0,"menu_order":0,"comment_status":"closed","ping_status":"closed","template":"","meta":{"footnotes":""},"class_list":["post-1290","page","type-page","status-publish","hentry"],"yoast_head":"<!-- This site is optimized with the Yoast SEO plugin v27.4 - https:\/\/yoast.com\/product\/yoast-seo-wordpress\/ -->\n<title>Les professeurs - \u00c9cole de tango Tangueria<\/title>\n<meta name=\"robots\" content=\"index, follow, max-snippet:-1, max-image-preview:large, max-video-preview:-1\" \/>\n<link rel=\"canonical\" href=\"https:\/\/tangueria.org\/?page_id=1290\" \/>\n<meta property=\"og:locale\" content=\"en_US\" \/>\n<meta property=\"og:type\" content=\"article\" \/>\n<meta property=\"og:title\" content=\"Les professeurs - \u00c9cole de tango Tangueria\" \/>\n<meta property=\"og:description\" content=\"\u00a0Laura Eva Steinmander Sur Facebook Laura Eva Steinmander Arriv\u00e9e \u00e0[ ... ]\" \/>\n<meta property=\"og:url\" content=\"https:\/\/tangueria.org\/?page_id=1290\" \/>\n<meta property=\"og:site_name\" content=\"\u00c9cole de tango Tangueria\" \/>\n<meta property=\"article:modified_time\" content=\"2023-10-02T17:28:10+00:00\" \/>\n<meta name=\"twitter:label1\" content=\"Est. reading time\" \/>\n\t<meta name=\"twitter:data1\" content=\"6 minutes\" \/>\n<script type=\"application\/ld+json\" class=\"yoast-schema-graph\">{\"@context\":\"https:\\\/\\\/schema.org\",\"@graph\":[{\"@type\":\"WebPage\",\"@id\":\"https:\\\/\\\/tangueria.org\\\/?page_id=1290\",\"url\":\"https:\\\/\\\/tangueria.org\\\/?page_id=1290\",\"name\":\"Les professeurs - \u00c9cole de tango Tangueria\",\"isPartOf\":{\"@id\":\"https:\\\/\\\/tangueria.org\\\/#website\"},\"datePublished\":\"2014-12-01T14:04:00+00:00\",\"dateModified\":\"2023-10-02T17:28:10+00:00\",\"breadcrumb\":{\"@id\":\"https:\\\/\\\/tangueria.org\\\/?page_id=1290#breadcrumb\"},\"inLanguage\":\"en-US\",\"potentialAction\":[{\"@type\":\"ReadAction\",\"target\":[\"https:\\\/\\\/tangueria.org\\\/?page_id=1290\"]}]},{\"@type\":\"BreadcrumbList\",\"@id\":\"https:\\\/\\\/tangueria.org\\\/?page_id=1290#breadcrumb\",\"itemListElement\":[{\"@type\":\"ListItem\",\"position\":1,\"name\":\"Accueil\",\"item\":\"https:\\\/\\\/tangueria.org\\\/\"},{\"@type\":\"ListItem\",\"position\":2,\"name\":\"Les professeurs\"}]},{\"@type\":\"WebSite\",\"@id\":\"https:\\\/\\\/tangueria.org\\\/#website\",\"url\":\"https:\\\/\\\/tangueria.org\\\/\",\"name\":\"\u00c9cole de tango Tangueria\",\"description\":\"\",\"potentialAction\":[{\"@type\":\"SearchAction\",\"target\":{\"@type\":\"EntryPoint\",\"urlTemplate\":\"https:\\\/\\\/tangueria.org\\\/?s={search_term_string}\"},\"query-input\":{\"@type\":\"PropertyValueSpecification\",\"valueRequired\":true,\"valueName\":\"search_term_string\"}}],\"inLanguage\":\"en-US\"}]}<\/script>\n<!-- \/ Yoast SEO plugin. -->","yoast_head_json":{"title":"Les professeurs - \u00c9cole de tango Tangueria","robots":{"index":"index","follow":"follow","max-snippet":"max-snippet:-1","max-image-preview":"max-image-preview:large","max-video-preview":"max-video-preview:-1"},"canonical":"https:\/\/tangueria.org\/?page_id=1290","og_locale":"en_US","og_type":"article","og_title":"Les professeurs - \u00c9cole de tango Tangueria","og_description":"\u00a0Laura Eva Steinmander Sur Facebook Laura Eva Steinmander Arriv\u00e9e \u00e0[ ... ]","og_url":"https:\/\/tangueria.org\/?page_id=1290","og_site_name":"\u00c9cole de tango Tangueria","article_modified_time":"2023-10-02T17:28:10+00:00","twitter_misc":{"Est. reading time":"6 minutes"},"schema":{"@context":"https:\/\/schema.org","@graph":[{"@type":"WebPage","@id":"https:\/\/tangueria.org\/?page_id=1290","url":"https:\/\/tangueria.org\/?page_id=1290","name":"Les professeurs - \u00c9cole de tango Tangueria","isPartOf":{"@id":"https:\/\/tangueria.org\/#website"},"datePublished":"2014-12-01T14:04:00+00:00","dateModified":"2023-10-02T17:28:10+00:00","breadcrumb":{"@id":"https:\/\/tangueria.org\/?page_id=1290#breadcrumb"},"inLanguage":"en-US","potentialAction":[{"@type":"ReadAction","target":["https:\/\/tangueria.org\/?page_id=1290"]}]},{"@type":"BreadcrumbList","@id":"https:\/\/tangueria.org\/?page_id=1290#breadcrumb","itemListElement":[{"@type":"ListItem","position":1,"name":"Accueil","item":"https:\/\/tangueria.org\/"},{"@type":"ListItem","position":2,"name":"Les professeurs"}]},{"@type":"WebSite","@id":"https:\/\/tangueria.org\/#website","url":"https:\/\/tangueria.org\/","name":"\u00c9cole de tango Tangueria","description":"","potentialAction":[{"@type":"SearchAction","target":{"@type":"EntryPoint","urlTemplate":"https:\/\/tangueria.org\/?s={search_term_string}"},"query-input":{"@type":"PropertyValueSpecification","valueRequired":true,"valueName":"search_term_string"}}],"inLanguage":"en-US"}]}},"_links":{"self":[{"href":"https:\/\/tangueria.org\/index.php?rest_route=\/wp\/v2\/pages\/1290","targetHints":{"allow":["GET"]}}],"collection":[{"href":"https:\/\/tangueria.org\/index.php?rest_route=\/wp\/v2\/pages"}],"about":[{"href":"https:\/\/tangueria.org\/index.php?rest_route=\/wp\/v2\/types\/page"}],"author":[{"embeddable":true,"href":"https:\/\/tangueria.org\/index.php?rest_route=\/wp\/v2\/users\/1"}],"replies":[{"embeddable":true,"href":"https:\/\/tangueria.org\/index.php?rest_route=%2Fwp%2Fv2%2Fcomments&post=1290"}],"version-history":[{"count":32,"href":"https:\/\/tangueria.org\/index.php?rest_route=\/wp\/v2\/pages\/1290\/revisions"}],"predecessor-version":[{"id":3850,"href":"https:\/\/tangueria.org\/index.php?rest_route=\/wp\/v2\/pages\/1290\/revisions\/3850"}],"wp:attachment":[{"href":"https:\/\/tangueria.org\/index.php?rest_route=%2Fwp%2Fv2%2Fmedia&parent=1290"}],"curies":[{"name":"wp","href":"https:\/\/api.w.org\/{rel}","templated":true}]}}